{"id":132,"date":"2013-04-28T20:18:23","date_gmt":"2013-04-28T20:18:23","guid":{"rendered":"http:\/\/www.weisskirchen-gesangverein.de\/?page_id=132"},"modified":"2025-08-29T13:20:55","modified_gmt":"2025-08-29T13:20:55","slug":"gemischter-chor","status":"publish","type":"page","link":"https:\/\/www.gesangverein-weisskirchen.de\/?page_id=132","title":{"rendered":"Der Gemischte Chor"},"content":{"rendered":"<p>Der Gemischte Chor des Gesangverein Wei\u00dfkirchen in Oberursel setzt sich aus dem M\u00e4nner- und Frauenchor zusammen, ca. 50 S\u00e4nger\/innen.<\/p>\n<p>Unser Augenmerk liegt besonders auf vom Verein veranstalteten Konzerten, aber auch auf Auftritten bei ortsinternen Festen, Veranstaltungen der Stadt und Jubil\u00e4en.<\/p>\n<p><a href=\"http:\/\/youtu.be\/Sx87OPwxL9k\" target=\"_blank\" rel=\"noopener\">Video<\/a> vom Geburtstagsst\u00e4ndchen bei Hans Lukesch.<\/p>\n<p><a href=\"https:\/\/www.gesangverein-weisskirchen.de\/wp-content\/uploads\/2013\/04\/009.jpg\"><img loading=\"lazy\" decoding=\"async\" width=\"300\" height=\"94\" alt=\"009\" src=\"https:\/\/www.gesangverein-weisskirchen.de\/wp-content\/uploads\/2013\/04\/009-300x94.jpg\"><\/a><\/p>\n<p>Beim Deutschen Chorfest 2012 in Frankfurt trat der Gemischte Chor in der Dreik\u00f6nigskirche auf.<\/p>\n<p>Der Gemischte Chor<\/p>\n<p>Probe&nbsp;&nbsp;&nbsp;&nbsp;&nbsp;&nbsp;&nbsp;&nbsp;&nbsp;&nbsp;&nbsp;&nbsp;&nbsp;&nbsp;&nbsp;&nbsp;&nbsp;&nbsp;&nbsp;&nbsp;Dienstag&nbsp; 20:00 Uhr bis 21.00 Uhr, nach Absprache<br \/>\n&nbsp; &nbsp; &nbsp; &nbsp; &nbsp; &nbsp; &nbsp; &nbsp; &nbsp; &nbsp; &nbsp; &nbsp; &nbsp; &nbsp; &nbsp; im Saal im 1. Stock des Feuerwehrhaus Oberursel-Wei\u00dfkirchen&nbsp;&nbsp;&nbsp;<\/p>\n<p>Dirigent&nbsp; &nbsp; &nbsp; &nbsp; &nbsp; &nbsp; &nbsp; &nbsp; <span>Stefan Hofmann<\/span><\/p>\n<p>Sprecher\/in &nbsp; &nbsp; &nbsp; &nbsp;&nbsp; Barbara Lickar \/ Rolf B\u00fcsel<\/p>\n","protected":false},"excerpt":{"rendered":"<p>Der Gemischte Chor des Gesangverein Wei\u00dfkirchen in Oberursel setzt sich aus dem M\u00e4nner- und Frauenchor zusammen, ca. 50 S\u00e4nger\/innen. Unser Augenmerk liegt besonders auf vom Verein veranstalteten Konzerten, aber auch auf Auftritten bei ortsinternen Festen, Veranstaltungen der Stadt und Jubil\u00e4en. Video vom Geburtstagsst\u00e4ndchen bei Hans Lukesch. Beim Deutschen Chorfest 2012 [&hellip;]<\/p>\n","protected":false},"author":2,"featured_media":0,"parent":16,"menu_order":3,"comment_status":"closed","ping_status":"closed","template":"","meta":{"ngg_post_thumbnail":0,"footnotes":"","_links_to":"","_links_to_target":""},"class_list":["post-132","page","type-page","status-publish","hentry"],"_links":{"self":[{"href":"https:\/\/www.gesangverein-weisskirchen.de\/index.php?rest_route=\/wp\/v2\/pages\/132"}],"collection":[{"href":"https:\/\/www.gesangverein-weisskirchen.de\/index.php?rest_route=\/wp\/v2\/pages"}],"about":[{"href":"https:\/\/www.gesangverein-weisskirchen.de\/index.php?rest_route=\/wp\/v2\/types\/page"}],"author":[{"embeddable":true,"href":"https:\/\/www.gesangverein-weisskirchen.de\/index.php?rest_route=\/wp\/v2\/users\/2"}],"replies":[{"embeddable":true,"href":"https:\/\/www.gesangverein-weisskirchen.de\/index.php?rest_route=%2Fwp%2Fv2%2Fcomments&post=132"}],"version-history":[{"count":52,"href":"https:\/\/www.gesangverein-weisskirchen.de\/index.php?rest_route=\/wp\/v2\/pages\/132\/revisions"}],"predecessor-version":[{"id":4171,"href":"https:\/\/www.gesangverein-weisskirchen.de\/index.php?rest_route=\/wp\/v2\/pages\/132\/revisions\/4171"}],"up":[{"embeddable":true,"href":"https:\/\/www.gesangverein-weisskirchen.de\/index.php?rest_route=\/wp\/v2\/pages\/16"}],"wp:attachment":[{"href":"https:\/\/www.gesangverein-weisskirchen.de\/index.php?rest_route=%2Fwp%2Fv2%2Fmedia&parent=132"}],"curies":[{"name":"wp","href":"https:\/\/api.w.org\/{rel}","templated":true}]}}