{"id":134,"date":"2013-04-28T20:18:46","date_gmt":"2013-04-28T20:18:46","guid":{"rendered":"http:\/\/www.weisskirchen-gesangverein.de\/?page_id=134"},"modified":"2024-02-18T19:14:27","modified_gmt":"2024-02-18T19:14:27","slug":"tontauben","status":"publish","type":"page","link":"https:\/\/www.gesangverein-weisskirchen.de\/?page_id=134","title":{"rendered":"Pop- und Jazzchor Oberursel"},"content":{"rendered":"<p>Der Pop- und Jazzchor Oberursel geh\u00f6rt zu den renommiertesten Pop-, Rock- und Jazzch\u00f6ren im Rhein-Main-Gebiet.<\/p>\n<p>Beim Pop- und Jazzchor Oberursel singen ca. 50 S\u00e4ngerinnen und S\u00e4nger, die haupts\u00e4chlich A-Cappella-St\u00fccke aus den Genres Jazz, Pop und Rock einstudieren.<\/p>\n<p>Seit 2021 leitet Alexandra Ziegler-Liebst unseren Chor.<\/p>\n<p><img loading=\"lazy\" decoding=\"async\" src=\"https:\/\/www.gesangverein-weisskirchen.de\/wp-content\/uploads\/2024\/02\/240130_Chor-48g-1024x503.jpg\" alt=\"\" width=\"750\" height=\"368\" class=\"alignnone size-large wp-image-3797\" srcset=\"https:\/\/www.gesangverein-weisskirchen.de\/wp-content\/uploads\/2024\/02\/240130_Chor-48g-1024x503.jpg 1024w, https:\/\/www.gesangverein-weisskirchen.de\/wp-content\/uploads\/2024\/02\/240130_Chor-48g-300x147.jpg 300w, https:\/\/www.gesangverein-weisskirchen.de\/wp-content\/uploads\/2024\/02\/240130_Chor-48g-768x377.jpg 768w, https:\/\/www.gesangverein-weisskirchen.de\/wp-content\/uploads\/2024\/02\/240130_Chor-48g-1536x754.jpg 1536w, https:\/\/www.gesangverein-weisskirchen.de\/wp-content\/uploads\/2024\/02\/240130_Chor-48g-2048x1005.jpg 2048w\" sizes=\"(max-width: 750px) 100vw, 750px\" \/><br><!--a href=\"https:\/\/www.gesangverein-weisskirchen.de\/wp-content\/uploads\/2021\/01\/PJO_Stadthalle_lo-res_014.jpg\"><img loading=\"lazy\" decoding=\"async\" alt=\"GV_Germania_WK_lo-res_055\" src=\"https:\/\/www.gesangverein-weisskirchen.de\/wp-content\/uploads\/2013\/06\/GV_Germania_WK_lo-res_055-225x300.jpg\" width=\"140\" height=\"214\" \/><\/a--><\/p>\n<p>Pop- und Jazzchor Oberursel<\/p>\n<p>Probe&nbsp;&nbsp;&nbsp;&nbsp;&nbsp;&nbsp;&nbsp;&nbsp;&nbsp;&nbsp;&nbsp;&nbsp;&nbsp;&nbsp;&nbsp;&nbsp;&nbsp;&nbsp;&nbsp;&nbsp;Dienstag&nbsp; 19.00 Uhr bis 20.30 Uhr<br>&nbsp; &nbsp; &nbsp; &nbsp; &nbsp; &nbsp; &nbsp; &nbsp; &nbsp; &nbsp; &nbsp; &nbsp; &nbsp; &nbsp; &nbsp; <span>im Saal im 1. Stock des Feuerwehrhaus Oberursel-Wei\u00dfkirchen<\/span><\/p>\n<p>Dirigentin&nbsp; &nbsp; &nbsp; &nbsp; &nbsp; &nbsp; &nbsp;&nbsp;<a href=\"https:\/\/www.gesangverein-weisskirchen.de\/?page_id=2960\">&nbsp;Alexandra Ziegler-Liebst<\/a><\/p>\n<p>Sprecher&nbsp;&nbsp;&nbsp; &nbsp;&nbsp;&nbsp;&nbsp;&nbsp;&nbsp;&nbsp;&nbsp;&nbsp;&nbsp;&nbsp;Stefan Hofmann<\/p>\n<p><a title=\"Repertoire\" href=\"https:\/\/www.gesangverein-weisskirchen.de\/?page_id=436\">Repertoire<\/a>&nbsp;&nbsp;&nbsp; &nbsp;&nbsp;&nbsp;&nbsp;&nbsp;&nbsp;&nbsp;&nbsp;&nbsp;<a href=\"https:\/\/www.gesangverein-weisskirchen.de\/?page_id=433\">Entwicklung<\/a><\/p>\n<p>Hier gehts zur&nbsp;<a href=\"https:\/\/www.facebook.com\/PopJazzChorOberursel\" target=\"_blank\" rel=\"noopener\">Facebook Seite @PopJazzChorOberursel<\/a><\/p>\n<p>und zur <a href=\"https:\/\/www.instagram.com\/pop_und_jazzchor_oberursel\/\" target=\"_blank\" rel=\"noopener\">Instagram Seite @pop_und_jazzchor_oberursel<\/a><\/p>\n\n\n<p><\/p>\n","protected":false},"excerpt":{"rendered":"<p>Der Pop- und Jazzchor Oberursel geh\u00f6rt zu den renommiertesten Pop-, Rock- und Jazzch\u00f6ren im Rhein-Main-Gebiet. Beim Pop- und Jazzchor Oberursel singen ca. 50 S\u00e4ngerinnen und S\u00e4nger, die haupts\u00e4chlich A-Cappella-St\u00fccke aus den Genres Jazz, Pop und Rock einstudieren. Seit 2021 leitet Alexandra Ziegler-Liebst unseren Chor. Pop- und Jazzchor Oberursel Probe&nbsp;&nbsp;&nbsp;&nbsp;&nbsp;&nbsp;&nbsp;&nbsp;&nbsp;&nbsp;&nbsp;&nbsp;&nbsp;&nbsp;&nbsp;&nbsp;&nbsp;&nbsp;&nbsp;&nbsp;Dienstag&nbsp; 19.00 [&hellip;]<\/p>\n","protected":false},"author":2,"featured_media":0,"parent":16,"menu_order":4,"comment_status":"closed","ping_status":"closed","template":"","meta":{"ngg_post_thumbnail":0,"footnotes":"","_links_to":"","_links_to_target":""},"class_list":["post-134","page","type-page","status-publish","hentry"],"_links":{"self":[{"href":"https:\/\/www.gesangverein-weisskirchen.de\/index.php?rest_route=\/wp\/v2\/pages\/134"}],"collection":[{"href":"https:\/\/www.gesangverein-weisskirchen.de\/index.php?rest_route=\/wp\/v2\/pages"}],"about":[{"href":"https:\/\/www.gesangverein-weisskirchen.de\/index.php?rest_route=\/wp\/v2\/types\/page"}],"author":[{"embeddable":true,"href":"https:\/\/www.gesangverein-weisskirchen.de\/index.php?rest_route=\/wp\/v2\/users\/2"}],"replies":[{"embeddable":true,"href":"https:\/\/www.gesangverein-weisskirchen.de\/index.php?rest_route=%2Fwp%2Fv2%2Fcomments&post=134"}],"version-history":[{"count":57,"href":"https:\/\/www.gesangverein-weisskirchen.de\/index.php?rest_route=\/wp\/v2\/pages\/134\/revisions"}],"predecessor-version":[{"id":3800,"href":"https:\/\/www.gesangverein-weisskirchen.de\/index.php?rest_route=\/wp\/v2\/pages\/134\/revisions\/3800"}],"up":[{"embeddable":true,"href":"https:\/\/www.gesangverein-weisskirchen.de\/index.php?rest_route=\/wp\/v2\/pages\/16"}],"wp:attachment":[{"href":"https:\/\/www.gesangverein-weisskirchen.de\/index.php?rest_route=%2Fwp%2Fv2%2Fmedia&parent=134"}],"curies":[{"name":"wp","href":"https:\/\/api.w.org\/{rel}","templated":true}]}}