{"id":97,"date":"2013-04-27T20:08:51","date_gmt":"2013-04-27T20:08:51","guid":{"rendered":"http:\/\/www.weisskirchen-gesangverein.de\/?page_id=97"},"modified":"2025-08-22T16:55:06","modified_gmt":"2025-08-22T16:55:06","slug":"mannerchor","status":"publish","type":"page","link":"https:\/\/www.gesangverein-weisskirchen.de\/?page_id=97","title":{"rendered":"Der M\u00e4nnerchor"},"content":{"rendered":"<p>ist der Gr\u00fcndungschor der Germania, aber &#8230;<\/p>\n<p>M\u00e4nnersache \u2013 wo andere aufh\u00f6ren fangen wir an!<\/p>\n<p>Dies ist das Moto des M\u00e4nnerchores.<\/p>\n<p>Renaissance,&nbsp; Romantik, Barbershop und Pop A-Cappella! Diese vier Musikstile pr\u00e4gen unser Repertoire.<\/p>\n<p><img loading=\"lazy\" decoding=\"async\" src=\"https:\/\/www.gesangverein-weisskirchen.de\/wp-content\/uploads\/2024\/07\/240130_Chor-13-scaled.jpg\" alt=\"\" width=\"840\" height=\"560\"><\/p>\n<p>Der M\u00e4nnerchor<\/p>\n<p>Probe&nbsp;&nbsp;&nbsp;&nbsp;&nbsp;&nbsp;&nbsp;&nbsp;&nbsp;&nbsp;&nbsp;&nbsp;&nbsp;&nbsp;&nbsp;&nbsp;&nbsp;&nbsp; Dienstag&nbsp; 20.30 Uhr bis 22.00 Uhr<br>&nbsp;&nbsp;&nbsp;&nbsp;&nbsp;&nbsp;&nbsp;&nbsp;&nbsp;&nbsp;&nbsp;&nbsp;&nbsp;&nbsp;&nbsp;&nbsp;&nbsp;&nbsp;&nbsp;&nbsp;&nbsp;&nbsp;&nbsp;&nbsp;&nbsp;&nbsp;&nbsp;&nbsp; im Saal im 1. Stock des Feuerwehrhaus Oberursel-Wei\u00dfkirchen&nbsp;&nbsp;&nbsp;<\/p>\n<p>Dirigent&nbsp; &nbsp; &nbsp; &nbsp; &nbsp; &nbsp; &nbsp; &nbsp; <a href=\"https:\/\/www.musikschule-friedrichsdorf.de\/instrumente\/rock-pop-gesang.html?view=article&amp;id=110:ueber-uns-kollegium-peer-martin-sturm&amp;catid=38:kollegium-personen\" target=\"_blank\" rel=\"noreferrer noopener\">Peer-Martin Sturm<\/a><\/p>\n<p>Sprecher&nbsp; &nbsp; &nbsp; &nbsp; &nbsp; &nbsp; &nbsp; Rolf B\u00fcsel<\/p>\n<p><a title=\"Repertoire\" href=\"https:\/\/www.gesangverein-weisskirchen.de\/?page_id=471\">Repertoire<\/a><\/p>\n<p>Hier gehts zur <a href=\"http:\/\/gesangverein-weisskirchen.de\/Files\/Maenner.htm\" target=\"_blank\" rel=\"noopener\">Gr\u00fcndungsseite M\u00e4nnersache<\/a><\/p>\n\n\n<p><\/p>\n","protected":false},"excerpt":{"rendered":"<p>ist der Gr\u00fcndungschor der Germania, aber &#8230; M\u00e4nnersache \u2013 wo andere aufh\u00f6ren fangen wir an! Dies ist das Moto des M\u00e4nnerchores. Renaissance,&nbsp; Romantik, Barbershop und Pop A-Cappella! Diese vier Musikstile pr\u00e4gen unser Repertoire. Der M\u00e4nnerchor Probe&nbsp;&nbsp;&nbsp;&nbsp;&nbsp;&nbsp;&nbsp;&nbsp;&nbsp;&nbsp;&nbsp;&nbsp;&nbsp;&nbsp;&nbsp;&nbsp;&nbsp;&nbsp; Dienstag&nbsp; 20.30 Uhr bis 22.00 Uhr&nbsp;&nbsp;&nbsp;&nbsp;&nbsp;&nbsp;&nbsp;&nbsp;&nbsp;&nbsp;&nbsp;&nbsp;&nbsp;&nbsp;&nbsp;&nbsp;&nbsp;&nbsp;&nbsp;&nbsp;&nbsp;&nbsp;&nbsp;&nbsp;&nbsp;&nbsp;&nbsp;&nbsp; im Saal im 1. Stock des Feuerwehrhaus Oberursel-Wei\u00dfkirchen&nbsp;&nbsp;&nbsp; [&hellip;]<\/p>\n","protected":false},"author":2,"featured_media":0,"parent":16,"menu_order":0,"comment_status":"closed","ping_status":"open","template":"","meta":{"ngg_post_thumbnail":0,"footnotes":"","_links_to":"","_links_to_target":""},"class_list":["post-97","page","type-page","status-publish","hentry"],"_links":{"self":[{"href":"https:\/\/www.gesangverein-weisskirchen.de\/index.php?rest_route=\/wp\/v2\/pages\/97"}],"collection":[{"href":"https:\/\/www.gesangverein-weisskirchen.de\/index.php?rest_route=\/wp\/v2\/pages"}],"about":[{"href":"https:\/\/www.gesangverein-weisskirchen.de\/index.php?rest_route=\/wp\/v2\/types\/page"}],"author":[{"embeddable":true,"href":"https:\/\/www.gesangverein-weisskirchen.de\/index.php?rest_route=\/wp\/v2\/users\/2"}],"replies":[{"embeddable":true,"href":"https:\/\/www.gesangverein-weisskirchen.de\/index.php?rest_route=%2Fwp%2Fv2%2Fcomments&post=97"}],"version-history":[{"count":47,"href":"https:\/\/www.gesangverein-weisskirchen.de\/index.php?rest_route=\/wp\/v2\/pages\/97\/revisions"}],"predecessor-version":[{"id":4157,"href":"https:\/\/www.gesangverein-weisskirchen.de\/index.php?rest_route=\/wp\/v2\/pages\/97\/revisions\/4157"}],"up":[{"embeddable":true,"href":"https:\/\/www.gesangverein-weisskirchen.de\/index.php?rest_route=\/wp\/v2\/pages\/16"}],"wp:attachment":[{"href":"https:\/\/www.gesangverein-weisskirchen.de\/index.php?rest_route=%2Fwp%2Fv2%2Fmedia&parent=97"}],"curies":[{"name":"wp","href":"https:\/\/api.w.org\/{rel}","templated":true}]}}

Der Männerchor

<p>ist der Gründungschor der Germania, aber &#8230;</p>
<p>Männersache – wo andere aufhören fangen wir an!</p>
<p>Dies ist das Moto des Männerchores.</p>
<p>Renaissance,&nbsp; Romantik, Barbershop und Pop A-Cappella! Diese vier Musikstile prägen unser Repertoire.</p>
<p><img loading="lazy" decoding="async" src="https://www.gesangverein-weisskirchen.de/wp-content/uploads/2024/07/240130_Chor-13-scaled.jpg" alt="" width="840" height="560"></p>
<p>Der Männerchor</p>
<p>Probe&nbsp;&nbsp;&nbsp;&nbsp;&nbsp;&nbsp;&nbsp;&nbsp;&nbsp;&nbsp;&nbsp;&nbsp;&nbsp;&nbsp;&nbsp;&nbsp;&nbsp;&nbsp; Dienstag&nbsp; 20.30 Uhr bis 22.00 Uhr<br>&nbsp;&nbsp;&nbsp;&nbsp;&nbsp;&nbsp;&nbsp;&nbsp;&nbsp;&nbsp;&nbsp;&nbsp;&nbsp;&nbsp;&nbsp;&nbsp;&nbsp;&nbsp;&nbsp;&nbsp;&nbsp;&nbsp;&nbsp;&nbsp;&nbsp;&nbsp;&nbsp;&nbsp; im Saal im 1. Stock des Feuerwehrhaus Oberursel-Weißkirchen&nbsp;&nbsp;&nbsp;</p>
<p>Dirigent&nbsp; &nbsp; &nbsp; &nbsp; &nbsp; &nbsp; &nbsp; &nbsp; <a href="https://www.musikschule-friedrichsdorf.de/instrumente/rock-pop-gesang.html?view=article&amp;id=110:ueber-uns-kollegium-peer-martin-sturm&amp;catid=38:kollegium-personen" target="_blank" rel="noreferrer noopener">Peer-Martin Sturm</a></p>
<p>Sprecher&nbsp; &nbsp; &nbsp; &nbsp; &nbsp; &nbsp; &nbsp; Rolf Büsel</p>
<p><a title="Repertoire" href="https://www.gesangverein-weisskirchen.de/?page_id=471">Repertoire</a></p>
<p>Hier gehts zur <a href="http://gesangverein-weisskirchen.de/Files/Maenner.htm" target="_blank" rel="noopener">Gründungsseite Männersache</a></p>


<p></p>

<p>ist der Gründungschor der Germania, aber &#8230; Männersache – wo andere aufhören fangen wir an! Dies ist das Moto des Männerchores. Renaissance,&nbsp; Romantik, Barbershop und Pop A-Cappella! Diese vier Musikstile prägen unser Repertoire. Der Männerchor Probe&nbsp;&nbsp;&nbsp;&nbsp;&nbsp;&nbsp;&nbsp;&nbsp;&nbsp;&nbsp;&nbsp;&nbsp;&nbsp;&nbsp;&nbsp;&nbsp;&nbsp;&nbsp; Dienstag&nbsp; 20.30 Uhr bis 22.00 Uhr&nbsp;&nbsp;&nbsp;&nbsp;&nbsp;&nbsp;&nbsp;&nbsp;&nbsp;&nbsp;&nbsp;&nbsp;&nbsp;&nbsp;&nbsp;&nbsp;&nbsp;&nbsp;&nbsp;&nbsp;&nbsp;&nbsp;&nbsp;&nbsp;&nbsp;&nbsp;&nbsp;&nbsp; im Saal im 1. Stock des Feuerwehrhaus Oberursel-Weißkirchen&nbsp;&nbsp;&nbsp; [&hellip;]</p>
